{"id":9894,"date":"2019-06-06T11:24:15","date_gmt":"2019-06-06T09:24:15","guid":{"rendered":"https:\/\/leben-fuehren.de\/?page_id=9894"},"modified":"2019-09-08T17:01:48","modified_gmt":"2019-09-08T15:01:48","slug":"autocademy","status":"publish","type":"page","link":"https:\/\/leben-fuehren.de\/r3\/prod\/autocademy\/","title":{"rendered":"Autocademy"},"content":{"rendered":"<section data-parallax-background-speed=\"10\" class=\"fw-main-row-custom fw-main-row-top fw-content-overlay-lg fw_theme_bg_fw-custom fw-section-image fw-section-height-custom  parallax-section fw-section-position-back tf-sh-4ecd5c4e2452797021889fc526edb1ca\" style=\"background-image:url(https:\/\/leben-fuehren.de\/wp-content\/uploads\/Header-Ink-1920x1280-v1-min.jpg);background-position: center center;height: 450px\">\n<div class=\"fw-container\">\n<div class=\"fw-row\">\n<div id=\"column-5d7517dc99e29\" class=\"fw-col-sm-12 tf-sh-333ddd1fd9f52645a2edda53abb74289\">\n<div class=\"fw-wrap-col-inner clearfix  \">\n<div class=\"fw-col-inner\">\n<div class=\"fw-heading fw-heading-left  fw-heading-with-subtitle tf-sh-d325181dfb1941e01b5d829163cc43ef\">\n<h1 class=\"fw-special-title\">Lernen &#8211; wo Du willst, wann Du willst<\/h1>\n<div class=\"fw-special-subtitle\">ganz nach Deinen Anspr\u00fcchen<\/div>\n<\/p><\/div>\n<\/p><\/div>\n<\/p><\/div>\n<\/div>\n<\/div><\/div>\n<\/section>\n<section class=\"fw-main-row-custom  auto  fw-section-position-back tf-sh-30712647a0db7556619857edefe0d139\">\n<div class=\"fw-container\" style=\"background-color:#171717\">\n<div class=\"fw-row\">\n<div id=\"column-5d7517dc9acea\" class=\"fw-col-sm-12 tf-sh-dee0f4cd78a455b41a0d4382e4e5d68a\">\n<div class=\"fw-wrap-col-inner clearfix  \">\n<div class=\"fw-col-inner\">\n<div class=\"fw-heading fw-heading-left  tf-sh-782bd96e9f06a027a45a967debea67a4\">\n<h2 class=\"fw-special-title\">Audiokurse<\/h2>\n<\/p><\/div>\n<div class=\"fw-text-box tf-sh-3a239848a2125eac84226691d244f079 \">\n<div class=\"fw-text-inner\">\n<p>Du willst Dir einzelne Themen praxisbezogen und wirksam selber aneignen? Daf\u00fcr haben wir professionelle Audiokurse geschaffen!<\/p>\n<p>Lerne auf dem Weg zur Arbeit. H\u00f6r Dir die Inhalte wie einen Podcast an. Zus\u00e4tzlich gibt es die Episoden nat\u00fcrlich zum Nachlesen und unterst\u00fctzenden Arbeitsbl\u00e4tter.<\/p>\n<p>Die Kurse bestehen aus exklusiven Audios, ca. 2h pro Kurs. Du bekommst ein Jahr lang Zugang zum ensprechenden Kurs, inclusive s\u00e4mtlicher Updates, die in dieser Zeit ver\u00f6ffentlicht werden!<br \/>Nat\u00fcrlich kannst die Inhalte, im Gegensatz zu so vielen anderen Kursen dort draussen, herunterladen und so oft nutzen, wie Du willst.<\/p>\n<\/p><\/div>\n<\/div><\/div>\n<\/p><\/div>\n<\/div>\n<\/div>\n<div class=\"fw-row\">\n<div id=\"column-5d7517dc9b824\" class=\"fw-col-sm-12 tf-sh-333ddd1fd9f52645a2edda53abb74289\">\n<div class=\"fw-wrap-col-inner clearfix  \">\n<div class=\"fw-col-inner\">\n<div class=\"fw-divider-space space-lg  clearfix\"><\/div>\n<\/p><\/div>\n<\/p><\/div>\n<\/div>\n<\/div>\n<div class=\"fw-row\">\n<div id=\"column-5d7517dc9c261\" class=\"fw-col-sm-6 tf-sh-3815a92db960c59a31a304b782de9b17  fw-col-no-padding\">\n<div class=\"fw-wrap-col-inner clearfix  \">\n<div class=\"fw-col-inner\">\n<div class=\"fw-imagebox clearfix fw-imagebox-2 tf-sh-d72ace2775e1328b8b8cfb4ff317d242 text-center \" style=\"background-image: url(\/\/leben-fuehren.de\/wp-content\/uploads\/SelfEffectiveness-500x500-1.jpg)\">\n<div class=\"fw-main-row-overlay fw_theme_bg_color_5\"><\/div>\n<div class=\"fw-imagebox-aside\">\n<div class=\"fw-imagebox-title-wrap\">\n<h3 class=\"fw-imagebox-title\">Mehr erreichen in weniger Zeit<\/h3>\n<\/p><\/div>\n<div class=\"fw-imagebox-text\">\n<p>Sehr wirksam, oft sehr anders. Dein Audiokurs f\u00fcr mehr Wirksamkeit.<\/p>\n<h4 style=\"text-align: center;color: #1a1a1a\">133,00\u20ac<\/h4>\n<\/p><\/div>\n<div class=\"fw-imagebox-btn text-center\">\n\t\t\t<a href=\"https:\/\/www.digistore24.com\/product\/274607\" target=\"_blank\" class=\"fw-btn fw-btn-full fw-btn-md fw-btn-1 \" rel=\"noopener noreferrer\"><br \/>\n\t\t\t\t<span><br \/>\n\t\t\t\t\t\t\t\t\t\t\tZUR BESTELLUNG\t\t\t\t\t\t\t\t\t<\/span><br \/>\n\t\t\t<\/a>\n\t\t<\/div>\n<\/p><\/div>\n<\/p><\/div>\n<\/p><\/div>\n<\/p><\/div>\n<\/div>\n<div id=\"column-5d7517dc9c99c\" class=\"fw-col-sm-6 tf-sh-4fe1e9d75996b1b941c2ccb068c928bc  fw-col-no-padding\">\n<div class=\"fw-wrap-col-inner clearfix  \">\n<div class=\"fw-col-inner\">\n<div class=\"fw-imagebox clearfix fw-imagebox-2 tf-sh-72b2a891e6cd24806f04fe7067ac7b4b text-center \" style=\"background-image: url(\/\/leben-fuehren.de\/wp-content\/uploads\/Feedback-500x500-1.jpg)\">\n<div class=\"fw-main-row-overlay fw_theme_bg_color_5\"><\/div>\n<div class=\"fw-imagebox-aside\">\n<div class=\"fw-imagebox-title-wrap\">\n<h3 class=\"fw-imagebox-title\">Bessere Mitarbeiter durch Feedback<\/h3>\n<\/p><\/div>\n<div class=\"fw-imagebox-text\">\n<p>Deinen Mitarbeiter sollen besser werden? Dieser Audiokurs hilft Dir dabei.<\/p>\n<h4 style=\"text-align: center;color: #1a1a1a\">133,00\u20ac<\/h4>\n<\/p><\/div>\n<div class=\"fw-imagebox-btn text-left\">\n\t\t\t<a href=\"https:\/\/www.digistore24.com\/product\/274623\" target=\"_blank\" class=\"fw-btn fw-btn-full fw-btn-md fw-btn-1 \" rel=\"noopener noreferrer\"><br \/>\n\t\t\t\t<span><br \/>\n\t\t\t\t\t\t\t\t\t\t\tZUR BESTELLUNG\t\t\t\t\t\t\t\t\t<\/span><br \/>\n\t\t\t<\/a>\n\t\t<\/div>\n<\/p><\/div>\n<\/p><\/div>\n<\/p><\/div>\n<\/p><\/div>\n<\/div>\n<\/div>\n<div class=\"fw-row\">\n<div id=\"column-5d7517dc9d3c0\" class=\"fw-col-sm-6 tf-sh-4c34891554e05b3a8841f33f655bda31  fw-col-no-padding\">\n<div class=\"fw-wrap-col-inner clearfix  \">\n<div class=\"fw-col-inner\">\n<div class=\"fw-imagebox clearfix fw-imagebox-2 tf-sh-bc0b803ea218a6bbc1aab0420c7297a7 text-center \" style=\"background-image: url(\/\/leben-fuehren.de\/wp-content\/uploads\/Presentations-500x500.jpg)\">\n<div class=\"fw-main-row-overlay\" style=\"background-color: #1d1d1d\"><\/div>\n<div class=\"fw-imagebox-aside\">\n<div class=\"fw-imagebox-title-wrap\">\n<h3 class=\"fw-imagebox-title\">Ideen wirksamer teilen<\/h3>\n<\/p><\/div>\n<div class=\"fw-imagebox-text\">\n<p style=\"text-align: center\">in Vorbereitung<\/p>\n<p>&nbsp;<\/p>\n<p>&nbsp;<\/p>\n<p>&nbsp;<\/p>\n<p>&nbsp;<\/p>\n<\/p><\/div>\n<\/p><\/div>\n<\/p><\/div>\n<\/p><\/div>\n<\/p><\/div>\n<\/div>\n<div id=\"column-5d7517dc9dbea\" class=\"fw-col-sm-6 tf-sh-993f13c6d00c4da559792b6eca3df8ee  fw-col-no-padding\">\n<div class=\"fw-wrap-col-inner clearfix  \">\n<div class=\"fw-col-inner\">\n<div class=\"fw-imagebox clearfix fw-imagebox-2 tf-sh-ef5ff05e306bebee6c2412b2e3b0db38 text-center \" style=\"background-image: url(\/\/leben-fuehren.de\/wp-content\/uploads\/OnoOnOne-500x500.jpg)\">\n<div class=\"fw-main-row-overlay\" style=\"background-color: #1d1d1d\"><\/div>\n<div class=\"fw-imagebox-aside\">\n<div class=\"fw-imagebox-title-wrap\">\n<h3 class=\"fw-imagebox-title\">Immer vertrauensvollere Mitarbeiter<\/h3>\n<\/p><\/div>\n<div class=\"fw-imagebox-text\">\n<p>in Vorbereitung<\/p>\n<p>&nbsp;<\/p>\n<p>&nbsp;<\/p>\n<p>&nbsp;<\/p>\n<p style=\"text-align: center\">\n<\/div><\/div>\n<\/p><\/div>\n<\/p><\/div>\n<\/p><\/div>\n<\/div>\n<\/div>\n<div class=\"fw-row\">\n<div id=\"column-5d7517dc9e636\" class=\"fw-col-sm-12 tf-sh-20419704b0a22902c77f2b3fe4a2989c\">\n<div class=\"fw-wrap-col-inner clearfix  \">\n<div class=\"fw-col-inner\">\n<div class=\"fw-text-box tf-sh-8148d73b9d0fb4e3b5852a8bb992d361 \">\n<div class=\"fw-text-inner\">\n<p style=\"text-align: center\">S\u00e4mtliche Preise incl. ges. MwSt. in DE.<\/p>\n<p style=\"text-align: center\">Der gesamte Kaufprozess wird vom Diensteleister <a href=\"https:\/\/www.digistore24.com\/\" target=\"_blank\" rel=\"noopener noreferrer\">DigiStore24<\/a> durchgef\u00fchrt. Die Bestelllinks zeigen auch dorthin.<\/p>\n<\/p><\/div>\n<\/div><\/div>\n<\/p><\/div>\n<\/div>\n<\/div><\/div>\n<\/section>\n<section class=\"fw-main-row-custom  auto  fw-section-position-back tf-sh-11d959e115901a3a8e5e47d94247ab82\">\n<div class=\"fw-container\" style=\"background-color:#171717\">\n<div class=\"fw-row\">\n<div id=\"column-5d7517dc9f1be\" class=\"fw-col-sm-12 tf-sh-333ddd1fd9f52645a2edda53abb74289\">\n<div class=\"fw-wrap-col-inner clearfix  \">\n<div class=\"fw-col-inner\">\n<div class=\"fw-divider-space  fw-custom-space  clearfix\" style=\"height:100px\"><\/div>\n<\/p><\/div>\n<\/p><\/div>\n<\/div>\n<\/div>\n<div class=\"fw-row\">\n<div id=\"column-5d7517dc9fb33\" class=\"fw-col-sm-12 tf-sh-333ddd1fd9f52645a2edda53abb74289\">\n<div class=\"fw-wrap-col-inner clearfix  \">\n<div class=\"fw-col-inner\">\n<div class=\"fw-text-box tf-sh-26934cad55bee9cf2d81e6f6b5c0a003 \">\n<div class=\"fw-text-inner\">\n<p style=\"text-align: right\">V.2019.07<\/p>\n<\/p><\/div>\n<\/div><\/div>\n<\/p><\/div>\n<\/div>\n<\/div>\n<div class=\"fw-row\">\n<div id=\"column-5d7517dca0805\" class=\"fw-col-sm-12 tf-sh-333ddd1fd9f52645a2edda53abb74289\">\n<div class=\"fw-wrap-col-inner clearfix  \">\n<div class=\"fw-col-inner\">\n<div class=\"fw-text-box tf-sh-4701375e62476fc43b968a6d730032eb \">\n<div class=\"fw-text-inner\">\n<p style=\"text-align: center\"><a href=\"https:\/\/leben-fuehren.de\/impressum\/\">Impressum<\/a> | <a href=\"https:\/\/leben-fuehren.de\/datenschutzerklaerung\/\">Datenschutzerkl\u00e4rung<\/a><\/p>\n<\/p><\/div>\n<\/div><\/div>\n<\/p><\/div>\n<\/div>\n<\/div><\/div>\n<\/section>\n<p><!-- ac799c2db79b08c5f38b2a6e6ca93e5f --><\/p>\n","protected":false},"excerpt":{"rendered":"<p>Lernen &#8211; wo Du willst, wann Du willst ganz nach Deinen Anspr\u00fcchen Audiokurse Du willst Dir einzelne Themen praxisbezogen und wirksam selber aneignen? Daf\u00fcr haben wir professionelle Audiokurse geschaffen! Lerne auf dem Weg zur Arbeit. H\u00f6r Dir die Inhalte wie einen Podcast an. Zus\u00e4tzlich gibt es die Episoden nat\u00fcrlich zum Nachlesen und unterst\u00fctzenden Arbeitsbl\u00e4tter. Die [&hellip;]<\/p>\n","protected":false},"author":4,"featured_media":0,"parent":9910,"menu_order":0,"comment_status":"closed","ping_status":"closed","template":"blank-template.php","meta":{"footnotes":""},"class_list":["post-9894","page","type-page","status-publish","hentry"],"_links":{"self":[{"href":"https:\/\/leben-fuehren.de\/r3\/wp-json\/wp\/v2\/pages\/9894","targetHints":{"allow":["GET"]}}],"collection":[{"href":"https:\/\/leben-fuehren.de\/r3\/wp-json\/wp\/v2\/pages"}],"about":[{"href":"https:\/\/leben-fuehren.de\/r3\/wp-json\/wp\/v2\/types\/page"}],"author":[{"embeddable":true,"href":"https:\/\/leben-fuehren.de\/r3\/wp-json\/wp\/v2\/users\/4"}],"replies":[{"embeddable":true,"href":"https:\/\/leben-fuehren.de\/r3\/wp-json\/wp\/v2\/comments?post=9894"}],"version-history":[{"count":0,"href":"https:\/\/leben-fuehren.de\/r3\/wp-json\/wp\/v2\/pages\/9894\/revisions"}],"up":[{"embeddable":true,"href":"https:\/\/leben-fuehren.de\/r3\/wp-json\/wp\/v2\/pages\/9910"}],"wp:attachment":[{"href":"https:\/\/leben-fuehren.de\/r3\/wp-json\/wp\/v2\/media?parent=9894"}],"curies":[{"name":"wp","href":"https:\/\/api.w.org\/{rel}","templated":true}]}}