{"id":2269,"date":"2016-01-02T09:47:55","date_gmt":"2016-01-02T08:47:55","guid":{"rendered":"http:\/\/leben-fuehren.de\/?page_id=2269"},"modified":"2019-05-14T12:50:26","modified_gmt":"2019-05-14T10:50:26","slug":"hier-starten","status":"publish","type":"page","link":"https:\/\/leben-fuehren.de\/r3\/hier-starten\/","title":{"rendered":"Sie sind eine F\u00fchrungskraft."},"content":{"rendered":"<section data-parallax-background-speed=\"10\" class=\"fw-main-row-custom fw-main-row-top fw-content-overlay-lg fw_theme_bg_fw-custom fw-section-image fw-section-height-custom  parallax-section fw-section-position-back tf-sh-356f82e35de8906972d6973ab4cf34d3\" style=\"background-image:url(https:\/\/leben-fuehren.de\/wp-content\/uploads\/Post-Header.jpg);height: 300px\">\n<div class=\"fw-main-row-overlay\" style=\"background-color: #ffffff\"><\/div>\n<div class=\"fw-container-fluid\">\n\t\t\t<\/div>\n<\/section>\n<section class=\"fw-main-row-custom  auto  fw-section-position-back tf-sh-b2d01a715a3ce18748cec500a1314427\">\n<div class=\"fw-container\" style=\"background-color:#1a1a1a\">\n<div class=\"fw-row\">\n<div id=\"column-5cda9d71e4dec\" class=\"fw-col-sm-12 tf-sh-1ec723a6f43ae293f80a8315563f6c24\">\n<div class=\"fw-wrap-col-inner clearfix  \">\n<div class=\"fw-col-inner\">\n<div class=\"fw-text-box tf-sh-bcb3ccdb458159d427fdf78a0f03fe05 \">\n<div class=\"fw-text-inner\">\n<h1 style=\"text-align: left\">Sie sind eine F\u00fchrungskraft.<\/h1>\n<\/p><\/div>\n<\/div>\n<div class=\"fw-text-box tf-sh-256dd5533d3ade5b569b9884b80601e4 \">\n<div class=\"fw-text-inner\">\n<h2 style=\"text-align: center\">Doch ein Bi\u00dfchen mehr Zeit w\u00e4re toll? Und vielleicht Mitarbeiter, die besser mitziehen?<\/h2>\n<\/p><\/div>\n<\/div>\n<div class=\"fw-text-box tf-sh-48936369a9e83be802365f1ae1a570e8 \">\n<div class=\"fw-text-inner\">\n<p><span style=\"font-size: 30px;font-weight: 400\">Ja, das kenne ich sehr gut.<\/span><span style=\"font-size: 30px;font-weight: 200\"> Nicht nur aus den Beschreibungen meiner Teilnehmer, den Medien, den Erfahrungen meiner Coachees oder der Trainerausbildung.<\/span><br \/><span style=\"font-size: 30px;font-weight: 200\">Sondern aus der jahrelangen Praxis.<\/span><\/p>\n<\/p><\/div>\n<\/div><\/div>\n<\/p><\/div>\n<\/div>\n<\/div>\n<div class=\"fw-row\">\n<div id=\"column-5cda9d71e5a94\" class=\"fw-col-sm-12 tf-sh-0adc3baf2955b5e0e54fcd69dd308fe9\">\n<div class=\"fw-wrap-col-inner clearfix  \">\n<div class=\"fw-col-inner\">\n<div class=\"fw-divider-space space-md  clearfix\"><\/div>\n<\/p><\/div>\n<\/p><\/div>\n<\/div>\n<\/div>\n<div class=\"fw-row\">\n<div id=\"column-5cda9d71e6218\" class=\"fw-col-sm-9 tf-sh-773979a753f4a4a5de0db0e5bc3d923f  fw-animated-element\" data-animation-type=\"fadeInUp\" data-animation-delay=\"300\">\n<div class=\"fw-wrap-col-inner clearfix  \">\n<div class=\"fw-col-inner\">\n<div class=\"fw-text-box tf-sh-41bcc79ae63eaae1c4c8c42dd0c89aef \">\n<div class=\"fw-text-inner\">\n<p>Ich bin <strong><a href=\"https:\/\/leben-fuehren.de\/olafkapinski\">OLAF KAPINSKI<\/a><\/strong>, Unternehmer und F\u00fchrungskraft aus Leidenschaft. Mittlerweile habe ich ganz viel ausprobiert, gelernt, verworfen, f\u00fcr gut befunden, kurz: Erfahrungen gemacht. Und die m\u00f6chte ich weitergeben. An andere Menschen, die gern f\u00fchren. Und die es im mittleren Management bereits tun.<\/p>\n<p><span style=\"font-size: 30px;font-weight: 200\">Was haben Sie davon?<\/span><\/p>\n<\/p><\/div>\n<\/div><\/div>\n<\/p><\/div>\n<\/div>\n<div id=\"column-5cda9d71e6708\" class=\"fw-col-sm-3 tf-sh-e6c387b64e64bd5705d78ab81b8ea068  fw-animated-element\" data-animation-type=\"fadeInRight\" data-animation-delay=\"500\">\n<div class=\"fw-wrap-col-inner clearfix  \">\n<div class=\"fw-col-inner\">\n<div class=\"fw-block-image-parent  fw-block-image-center\" style=\"width: 142px\">\n\t\t\t<span class=\"fw-block-image-child fw-ratio-2-3 fw-ratio-container\"><br \/>\n\t\t\t\t<img decoding=\"async\" src=\"https:\/\/leben-fuehren.de\/wp-content\/uploads\/OlafKapinski-W01.png\" alt=\"Olaf Kapinski\" data-maxdpr=\"1.7\" width=\"142\" class=\"lazyload\" \/>\t\t\t\t\t\t\t<\/span>\n\t\t<\/div>\n<\/p><\/div>\n<\/p><\/div>\n<\/div>\n<\/div>\n<div class=\"fw-row\">\n<div id=\"column-5cda9d71e7428\" class=\"fw-col-sm-12 tf-sh-0adc3baf2955b5e0e54fcd69dd308fe9\">\n<div class=\"fw-wrap-col-inner clearfix  \">\n<div class=\"fw-col-inner\">\n<div class=\"fw-divider-space space-md  clearfix\"><\/div>\n<\/p><\/div>\n<\/p><\/div>\n<\/div>\n<\/div>\n<div class=\"fw-row\">\n<div id=\"column-5cda9d71e7d0a\" class=\"fw-col-sm-9 tf-sh-8e39fa297c47633ab36b655fb44bd796  fw-animated-element\" data-animation-type=\"fadeInUp\" data-animation-delay=\"300\">\n<div class=\"fw-wrap-col-inner clearfix  \">\n<div class=\"fw-col-inner\">\n<div class=\"fw-text-box tf-sh-f057a7dd9bdf1c66b44b3e89cbb57665 \">\n<div class=\"fw-text-inner\">\n<h3>Podcasts <span style=\"color: #009055;font-size: 20px;font-weight: 500\">-FREE!<\/span><\/h3>\n<p>Zun\u00e4chst meinen w\u00f6chentlichen, nat\u00fcrlich kostenfreien Podcast. Wenn Sie noch nicht vertraut sind mit \u201ePodcast\u201c klicken Sie <a href=\"\/podcasts-hoeren\/\">hier<\/a>, Dort bespreche ich alle m\u00f6glichen, f\u00fcr uns als F\u00fchrungskr\u00e4fte und f\u00fcr uns als Menschen, interessante Themen.<\/p>\n<p>Meinen Abonnenten stelle ich meine <strong>Spezialepisoden<\/strong> zur Verf\u00fcgung. Das sind lange Episoden, die sich intensiv mit einem einzelnen F\u00fchrungsthema auseinander setzen. Aktuell gibt es die zum Thema <a href=\"\/one-on-one\/\">One on Ones<\/a>.<\/p>\n<\/p><\/div>\n<\/div><\/div>\n<\/p><\/div>\n<\/div>\n<div id=\"column-5cda9d71e8275\" class=\"fw-col-sm-3 tf-sh-69cbacff11b3339a759cf55636495a83  fw-animated-element\" data-animation-type=\"fadeInRight\" data-animation-delay=\"500\">\n<div class=\"fw-wrap-col-inner clearfix  \">\n<div class=\"fw-col-inner\">\n<div class=\"fw-divider-space space-md  clearfix\"><\/div>\n<div class=\"fw-block-image-parent fw-overlay-1 fw-block-image-icon  fw-animated-element fw-block-image-center\" data-animation-type=\"fadeInUp\" data-animation-delay=\"200\" style=\"width: 200px\">\n\t\t\t<a class=\"fw-block-image-child fw-ratio-1 fw-ratio-container \" href=\"https:\/\/itunes.apple.com\/de\/podcast\/leben-fuhren\/id934512203?l=de\" target=\"&#039;_blank&#039;\" rel=\"noopener noreferrer\"><br \/>\n\t\t\t\t<img decoding=\"async\" src=\"https:\/\/leben-fuehren.de\/wp-content\/uploads\/LF-Cover-500g.jpg\" alt=\"LEBEN-F\u00dcHREN\" data-maxdpr=\"1.7\" width=\"200\" class=\"lazyload\" \/>\t\t\t\t                                    <\/p>\n<div class=\"fw-block-image-overlay\">\n<div class=\"fw-itable\">\n<div class=\"fw-icell\">\n                                <i class=\"fw-icon-link\"><\/i>\n                            <\/div>\n<\/p><\/div>\n<\/p><\/div>\n<p>                \t\t\t<\/a>\n\t\t<\/div>\n<\/p><\/div>\n<\/p><\/div>\n<\/div>\n<\/div>\n<div class=\"fw-row\">\n<div id=\"column-5cda9d71e94d6\" class=\"fw-col-sm-12 tf-sh-0adc3baf2955b5e0e54fcd69dd308fe9\">\n<div class=\"fw-wrap-col-inner clearfix  \">\n<div class=\"fw-col-inner\">\n<div class=\"fw-divider-space space-sm  clearfix\"><\/div>\n<\/p><\/div>\n<\/p><\/div>\n<\/div>\n<\/div>\n<div class=\"fw-row\">\n<div id=\"column-5cda9d71e9e37\" class=\"fw-col-sm-9 tf-sh-556a15ad5e06aa3649bc246567716a73  fw-animated-element\" data-animation-type=\"fadeInUp\" data-animation-delay=\"300\">\n<div class=\"fw-wrap-col-inner clearfix  \">\n<div class=\"fw-col-inner\">\n<div class=\"fw-text-box tf-sh-d945e876ae53dd4db8b57e3ac739ffa1 \">\n<div class=\"fw-text-inner\">\n<p>Additionally there is a new, english Podcast running: <a href=\"https:\/\/liveitleadit.com\" target=\"_blank\" rel=\"noopener noreferrer\">Live it &#8211; Lead IT<\/a>.<\/p>\n<\/p><\/div>\n<\/div><\/div>\n<\/p><\/div>\n<\/div>\n<div id=\"column-5cda9d71ea3f3\" class=\"fw-col-sm-3 tf-sh-c7f768c36e1e4d505a076d8b4e5926e3  fw-animated-element\" data-animation-type=\"fadeInRight\" data-animation-delay=\"500\">\n<div class=\"fw-wrap-col-inner clearfix  \">\n<div class=\"fw-col-inner\">\n<div class=\"fw-divider-space space-md  clearfix\"><\/div>\n<div class=\"fw-block-image-parent fw-overlay-1 fw-block-image-icon  fw-animated-element fw-block-image-center\" data-animation-type=\"fadeInUp\" data-animation-delay=\"200\" style=\"width: 200px\">\n\t\t\t<a class=\"fw-block-image-child fw-ratio-1 fw-ratio-container \" href=\"https:\/\/itunes.apple.com\/de\/podcast\/live-it-lead-it\/id1366916087\" target=\"&#039;_blank&#039;\" rel=\"noopener noreferrer\"><br \/>\n\t\t\t\t<img decoding=\"async\" src=\"https:\/\/leben-fuehren.de\/wp-content\/uploads\/LITv1-500g.jpg\" alt=\"Live it - Lead iT\" data-maxdpr=\"1.7\" width=\"200\" class=\"lazyload\" \/>\t\t\t\t                                    <\/p>\n<div class=\"fw-block-image-overlay\">\n<div class=\"fw-itable\">\n<div class=\"fw-icell\">\n                                <i class=\"fw-icon-link\"><\/i>\n                            <\/div>\n<\/p><\/div>\n<\/p><\/div>\n<p>                \t\t\t<\/a>\n\t\t<\/div>\n<\/p><\/div>\n<\/p><\/div>\n<\/div>\n<\/div>\n<div class=\"fw-row\">\n<div id=\"column-5cda9d71eb404\" class=\"fw-col-sm-12 tf-sh-0adc3baf2955b5e0e54fcd69dd308fe9\">\n<div class=\"fw-wrap-col-inner clearfix  \">\n<div class=\"fw-col-inner\">\n<div class=\"fw-divider-space space-md  clearfix\"><\/div>\n<\/p><\/div>\n<\/p><\/div>\n<\/div>\n<\/div>\n<div class=\"fw-row\">\n<div id=\"column-5cda9d71ebd3e\" class=\"fw-col-sm-9 tf-sh-e52915b479fc834f6a79c5202a04c479  fw-animated-element\" data-animation-type=\"fadeInUp\" data-animation-delay=\"300\">\n<div class=\"fw-wrap-col-inner clearfix  \">\n<div class=\"fw-col-inner\">\n<div class=\"fw-text-box tf-sh-4e4c1a80e79e9c72f5818dd58dda9fe3 \">\n<div class=\"fw-text-inner\">\n<h3>IT-YoungStars<\/h3>\n<p>DAS Programm f\u00fcr Ihre Karriere! Sie sind frische IT-F\u00fchrungskraft oder wollen es werden? Dieses einj\u00e4hrige Programm ist exakt auf Sie zugeschnitten: Wir k\u00fcmmern uns in der Gruppe um alle Fachthemen und um den richtigen, erfolgreichen Mindset der Teilnehmer.<\/p>\n<\/p><\/div>\n<\/div>\n<div class=\"fw-divider-space space-md  clearfix\"><\/div>\n<div class=\"text-right\">\t<a href=\"https:\/\/leben-fuehren.de\/it-youngstars\/\" target=\"_self\" class=\"fw-btn tf-sh-6d0774050d249afb6560a8fa28ea8868  fw-btn-sm   fw-btn-1\" rel=\"noopener noreferrer\"><br \/>\n\t\t<span><br \/>\n\t\t\tmehr erfahren\t\t<\/span><br \/>\n\t<\/a>\n<\/div>\n<\/p><\/div>\n<\/p><\/div>\n<\/div>\n<div id=\"column-5cda9d71ec7cf\" class=\"fw-col-sm-3 tf-sh-c05d02ac40d1b639514a04b00614aa29  fw-animated-element\" data-animation-type=\"fadeInRight\" data-animation-delay=\"500\">\n<div class=\"fw-wrap-col-inner clearfix  \">\n<div class=\"fw-col-inner\">\n<div class=\"fw-divider-space space-md  clearfix\"><\/div>\n<div class=\"fw-block-image-parent fw-overlay-1 fw-block-image-icon  fw-block-image-center\" style=\"width: 200px\">\n\t\t\t<a class=\"fw-block-image-child fw-ratio-1 fw-ratio-container \" href=\"https:\/\/leben-fuehren.de\/it-youngstars\/\"><br \/>\n\t\t\t\t<img decoding=\"async\" src=\"https:\/\/leben-fuehren.de\/wp-content\/uploads\/ITYS18-500.jpg\" alt=\"2018 03 30 OLAF KAPINSKI ID\" data-maxdpr=\"1.7\" width=\"200\" class=\"lazyload\" \/>\t\t\t\t                                    <\/p>\n<div class=\"fw-block-image-overlay\">\n<div class=\"fw-itable\">\n<div class=\"fw-icell\">\n                                <i class=\"fw-icon-link\"><\/i>\n                            <\/div>\n<\/p><\/div>\n<\/p><\/div>\n<p>                \t\t\t<\/a>\n\t\t<\/div>\n<\/p><\/div>\n<\/p><\/div>\n<\/div>\n<\/div>\n<div class=\"fw-row\">\n<div id=\"column-5cda9d71ed899\" class=\"fw-col-sm-12 tf-sh-0adc3baf2955b5e0e54fcd69dd308fe9\">\n<div class=\"fw-wrap-col-inner clearfix  \">\n<div class=\"fw-col-inner\">\n<div class=\"fw-divider-space space-sm  clearfix\"><\/div>\n<\/p><\/div>\n<\/p><\/div>\n<\/div>\n<\/div><\/div>\n<\/section>\n<section class=\"fw-main-row-custom fw-section-no-padding  auto  fw-section-position-back tf-sh-82572efa3e4ae0970eba87f4651aee99\">\n<div class=\"fw-container\" style=\"background-color:#1a1a1a\">\n<div class=\"fw-row\">\n<div id=\"column-5cda9d71ee3c7\" class=\"fw-col-sm-9 tf-sh-0bfc7b75afa00fa1bb633c75f25f58cc  fw-animated-element\" data-animation-type=\"fadeInUp\" data-animation-delay=\"300\">\n<div class=\"fw-wrap-col-inner clearfix  \">\n<div class=\"fw-col-inner\">\n<div class=\"fw-text-box tf-sh-38f77ab6d4e7fce6fc2c9cb84f57a975 \">\n<div class=\"fw-text-inner\">\n<h3>Team Ziele Challenge <span style=\"color: #009055;font-size: 20px;font-weight: 500\">-FREE!<\/span><\/h3>\n<p>Die kostenfreie Team Ziele Challenge bringt F\u00fchrungskr\u00e4fte zusammen, sich der Herausforderung stellten: Endlich bis Ende Januar definierte und vereinbarte Ziele mit den Mitarbeitern haben!<br \/>F\u00fchrungskr\u00e4fte, die ihren Beruf ernst nehmen, machen mit!<\/p>\n<\/p><\/div>\n<\/div><\/div>\n<\/p><\/div>\n<\/div>\n<div id=\"column-5cda9d71ee97e\" class=\"fw-col-sm-3 tf-sh-c4e283171c18764e522a7207be7249d2  fw-animated-element\" data-animation-type=\"fadeInRight\" data-animation-delay=\"500\">\n<div class=\"fw-wrap-col-inner clearfix  \">\n<div class=\"fw-col-inner\">\n<div class=\"fw-divider-space space-md  clearfix\"><\/div>\n<div class=\"text-center\">\t<a href=\"https:\/\/leben-fuehren.de\/team-ziele-challenge\/\" target=\"_self\" class=\"fw-btn tf-sh-20e192ae32d2205c930004284e563b9b  fw-btn-sm   fw-btn-1\" rel=\"noopener noreferrer\"><br \/>\n\t\t<span><br \/>\n\t\t\tTZC\t\t<\/span><br \/>\n\t<\/a>\n<\/div>\n<div class=\"fw-block-image-parent fw-overlay-1 fw-block-image-icon mystique-glow fw-block-image-center\" style=\"width: 200px\">\n\t\t\t<a class=\"fw-block-image-child fw-ratio-1 fw-ratio-container \" href=\"https:\/\/leben-fuehren.de\/team-ziele-challenge\/\"><br \/>\n\t\t\t\t<img decoding=\"async\" src=\"https:\/\/leben-fuehren.de\/wp-content\/uploads\/TZC19-Cover-500.jpg\" alt=\"Team Ziele Challenge 2019\" data-maxdpr=\"1.7\" width=\"200\" class=\"lazyload\" \/>\t\t\t\t                                    <\/p>\n<div class=\"fw-block-image-overlay\">\n<div class=\"fw-itable\">\n<div class=\"fw-icell\">\n                                <i class=\"fw-icon-link\"><\/i>\n                            <\/div>\n<\/p><\/div>\n<\/p><\/div>\n<p>                \t\t\t<\/a>\n\t\t<\/div>\n<\/p><\/div>\n<\/p><\/div>\n<\/div>\n<\/div>\n<div class=\"fw-row\">\n<div id=\"column-5cda9d71efe30\" class=\"fw-col-sm-12 tf-sh-0adc3baf2955b5e0e54fcd69dd308fe9\">\n<div class=\"fw-wrap-col-inner clearfix  \">\n<div class=\"fw-col-inner\">\n<div class=\"fw-divider-space space-sm  clearfix\"><\/div>\n<\/p><\/div>\n<\/p><\/div>\n<\/div>\n<\/div><\/div>\n<\/section>\n<section class=\"fw-main-row-custom fw-section-no-padding  auto  fw-section-position-back tf-sh-c94ab4217ae24f84e3a2111cd320336a\">\n<div class=\"fw-container\" style=\"background-color:#1a1a1a\">\n<div class=\"fw-row\">\n<div id=\"column-5cda9d71f0b10\" class=\"fw-col-sm-9 tf-sh-da89fe3c7b4b420809c12c06190043ee  fw-animated-element\" data-animation-type=\"fadeInUp\" data-animation-delay=\"300\">\n<div class=\"fw-wrap-col-inner clearfix  \">\n<div class=\"fw-col-inner\">\n<div class=\"fw-text-box tf-sh-6b7e11d876ab95ea9708f24f1c9b2de1 \">\n<div class=\"fw-text-inner\">\n<h3><span style=\"font-size: 75%\">Programm<\/span> Wirksame JahresZiele<\/h3>\n<p>DAS Programm f\u00fcr wirksame Organisationen! Es baut auf der Team Ziele Challenge auf, zielt aber auf Sie und ihr F\u00fchrungsteam.<br \/>Wirksame Jahresziele f\u00fcr die Organisation.<\/p>\n<\/p><\/div>\n<\/div>\n<div class=\"fw-divider-space space-md  clearfix\"><\/div>\n<div class=\"text-right\">\t<a href=\"https:\/\/leben-fuehren.de\/wirksame-jahresziele-all\/\" target=\"_self\" class=\"fw-btn tf-sh-6fa8d16ef19b2b034d1ce598227f7c96  fw-btn-sm   fw-btn-1\" rel=\"noopener noreferrer\"><br \/>\n\t\t<span><br \/>\n\t\t\tmehr erfahren\t\t<\/span><br \/>\n\t<\/a>\n<\/div>\n<\/p><\/div>\n<\/p><\/div>\n<\/div>\n<div id=\"column-5cda9d71f1707\" class=\"fw-col-sm-3 tf-sh-c79c1e0e016f206eb189bd9c819ba3da  fw-animated-element\" data-animation-type=\"fadeInRight\" data-animation-delay=\"500\">\n<div class=\"fw-wrap-col-inner clearfix  \">\n<div class=\"fw-col-inner\">\n<div class=\"fw-divider-space space-md  clearfix\"><\/div>\n<div class=\"fw-block-image-parent fw-overlay-1 fw-block-image-icon mystique-glow fw-block-image-center\" style=\"width: 200px\">\n\t\t\t<a class=\"fw-block-image-child fw-ratio-1 fw-ratio-container \" href=\"https:\/\/leben-fuehren.de\/wirksame-jahresziele-all\/\"><br \/>\n\t\t\t\t<img decoding=\"async\" src=\"https:\/\/leben-fuehren.de\/wp-content\/uploads\/CoverV1.1-500.jpg\" alt=\"CoverV1.1-500\" data-maxdpr=\"1.7\" width=\"200\" class=\"lazyload\" \/>\t\t\t\t                                    <\/p>\n<div class=\"fw-block-image-overlay\">\n<div class=\"fw-itable\">\n<div class=\"fw-icell\">\n                                <i class=\"fw-icon-link\"><\/i>\n                            <\/div>\n<\/p><\/div>\n<\/p><\/div>\n<p>                \t\t\t<\/a>\n\t\t<\/div>\n<\/p><\/div>\n<\/p><\/div>\n<\/div>\n<\/div>\n<div class=\"fw-row\">\n<div id=\"column-5cda9d71f2d16\" class=\"fw-col-sm-12 tf-sh-0adc3baf2955b5e0e54fcd69dd308fe9\">\n<div class=\"fw-wrap-col-inner clearfix  \">\n<div class=\"fw-col-inner\">\n<div class=\"fw-divider-space space-sm  clearfix\"><\/div>\n<\/p><\/div>\n<\/p><\/div>\n<\/div>\n<\/div><\/div>\n<\/section>\n<section class=\"fw-main-row-custom  fw-section-height-custom  fw-section-position-back tf-sh-b9be8cefa7dfffe7f0bab1b03f5ce3d6\" style=\"height: 100px\">\n<div class=\"fw-container\">\n\t\t\t<\/div>\n<\/section>\n<p><!-- 79b5d32842cb7d5bdd9a1479c48d0559 --><\/p>\n","protected":false},"excerpt":{"rendered":"<p>Sie sind eine F\u00fchrungskraft. Doch ein Bi\u00dfchen mehr Zeit w\u00e4re toll? Und vielleicht Mitarbeiter, die besser mitziehen? Ja, das kenne ich sehr gut. Nicht nur aus den Beschreibungen meiner Teilnehmer, den Medien, den Erfahrungen meiner Coachees oder der Trainerausbildung.Sondern aus der jahrelangen Praxis. Ich bin OLAF KAPINSKI, Unternehmer und F\u00fchrungskraft aus Leidenschaft. Mittlerweile habe ich [&hellip;]<\/p>\n","protected":false},"author":4,"featured_media":2038,"parent":0,"menu_order":0,"comment_status":"closed","ping_status":"closed","template":"visual-builder-template.php","meta":{"footnotes":""},"class_list":["post-2269","page","type-page","status-publish","has-post-thumbnail","hentry"],"_links":{"self":[{"href":"https:\/\/leben-fuehren.de\/r3\/wp-json\/wp\/v2\/pages\/2269","targetHints":{"allow":["GET"]}}],"collection":[{"href":"https:\/\/leben-fuehren.de\/r3\/wp-json\/wp\/v2\/pages"}],"about":[{"href":"https:\/\/leben-fuehren.de\/r3\/wp-json\/wp\/v2\/types\/page"}],"author":[{"embeddable":true,"href":"https:\/\/leben-fuehren.de\/r3\/wp-json\/wp\/v2\/users\/4"}],"replies":[{"embeddable":true,"href":"https:\/\/leben-fuehren.de\/r3\/wp-json\/wp\/v2\/comments?post=2269"}],"version-history":[{"count":0,"href":"https:\/\/leben-fuehren.de\/r3\/wp-json\/wp\/v2\/pages\/2269\/revisions"}],"wp:featuredmedia":[{"embeddable":true,"href":"https:\/\/leben-fuehren.de\/r3\/wp-json\/wp\/v2\/media\/2038"}],"wp:attachment":[{"href":"https:\/\/leben-fuehren.de\/r3\/wp-json\/wp\/v2\/media?parent=2269"}],"curies":[{"name":"wp","href":"https:\/\/api.w.org\/{rel}","templated":true}]}}