{"version":"1.0","provider_name":"LeadersCommunity","provider_url":"https:\/\/leben-fuehren.de\/leaderscommunity","author_name":"Charlie","author_url":"https:\/\/leben-fuehren.de\/leaderscommunity\/author\/charlie\/","title":"Webinar: Das Leadershipjahr - LeadersCommunity","type":"rich","width":600,"height":338,"html":"<blockquote class=\"wp-embedded-content\" data-secret=\"SyVpZup46f\"><a href=\"https:\/\/leben-fuehren.de\/leaderscommunity\/webinar-das-leadershipjahr-jh7wba1w\/\">Webinar: Das Leadershipjahr<\/a><\/blockquote><iframe sandbox=\"allow-scripts\" security=\"restricted\" src=\"https:\/\/leben-fuehren.de\/leaderscommunity\/webinar-das-leadershipjahr-jh7wba1w\/embed\/#?secret=SyVpZup46f\" width=\"600\" height=\"338\" title=\"&#8220;Webinar: Das Leadershipjahr&#8221; &#8212; LeadersCommunity\" data-secret=\"SyVpZup46f\" frameborder=\"0\" marginwidth=\"0\" marginheight=\"0\" scrolling=\"no\" class=\"wp-embedded-content\"><\/iframe><script>\n\/*! This file is auto-generated *\/\n!function(d,l){\"use strict\";l.querySelector&&d.addEventListener&&\"undefined\"!=typeof URL&&(d.wp=d.wp||{},d.wp.receiveEmbedMessage||(d.wp.receiveEmbedMessage=function(e){var t=e.data;if((t||t.secret||t.message||t.value)&&!\/[^a-zA-Z0-9]\/.test(t.secret)){for(var s,r,n,a=l.querySelectorAll('iframe[data-secret=\"'+t.secret+'\"]'),o=l.querySelectorAll('blockquote[data-secret=\"'+t.secret+'\"]'),c=new RegExp(\"^https?:$\",\"i\"),i=0;i<o.length;i++)o[i].style.display=\"none\";for(i=0;i<a.length;i++)s=a[i],e.source===s.contentWindow&&(s.removeAttribute(\"style\"),\"height\"===t.message?(1e3<(r=parseInt(t.value,10))?r=1e3:~~r<200&&(r=200),s.height=r):\"link\"===t.message&&(r=new URL(s.getAttribute(\"src\")),n=new URL(t.value),c.test(n.protocol))&&n.host===r.host&&l.activeElement===s&&(d.top.location.href=t.value))}},d.addEventListener(\"message\",d.wp.receiveEmbedMessage,!1),l.addEventListener(\"DOMContentLoaded\",function(){for(var e,t,s=l.querySelectorAll(\"iframe.wp-embedded-content\"),r=0;r<s.length;r++)(t=(e=s[r]).getAttribute(\"data-secret\"))||(t=Math.random().toString(36).substring(2,12),e.src+=\"#?secret=\"+t,e.setAttribute(\"data-secret\",t)),e.contentWindow.postMessage({message:\"ready\",secret:t},\"*\")},!1)))}(window,document);\n\/\/# sourceURL=https:\/\/leben-fuehren.de\/leaderscommunity\/wp-includes\/js\/wp-embed.min.js\n<\/script>\n","description":"Webinar: Das Leadershipjahr Hier ist die Aufzeichnung vom Webinar zum Thema: &#8220;Das Leadership-Jahr&#8221; und das Slidedeck. Leider hat mich die Technik im Stich gelassen und das Bild flackert \ud83d\ude41 Lade Dir lieber die Powerpoint herunter und schau Dir die an, w\u00e4hrend Du zuh\u00f6rst. Dein OLAF KAPINSKI zur\u00fcck"}

Webinar: Das Leadershipjahr Hier ist die Aufzeichnung vom Webinar zum Thema: &#8220;Das Leadership-Jahr&#8221; und das Slidedeck. Leider hat mich die Technik im Stich gelassen und das Bild flackert 🙁 Lade Dir lieber die Powerpoint herunter und schau Dir die an, während Du zuhörst. Dein OLAF KAPINSKI zurück
